e 16.
-4
What is 0 (base 13) in base 9?
0
What is 5 (base 10) in base 6?
5
What is -22 (base 4) in base 10?
-10
23 (base 14) to base 13
25
What is 4d (base 15) in base 4?
1021
What is 133 (base 4) in base 8?
37
Convert -221 (base 9) to base 12.
-131
Convert -37 (base 8) to base 11.
-29
Convert 10 (base 8) to base 6.
12
What is 221 (base 4) in base 13?
32
What is -5a (base 16) in base 10?
-90
-2 (base 11) to base 7
-2
-200 (base 3) to base 11
-17
Convert -258 (base 10) to base 16.
-102
-21 (base 11) to base 14
-19
What is -5 (base 9) in base 4?
-11
-54 (base 10) to base 9
-60
Convert 0 (base 14) to base 5.
0
Convert 2 (base 4) to base 10.
2
Convert 4 (base 16) to base 14.
4
131 (base 7) to base 10
71
What is 120 (base 5) in base 9?
38
4 (base 5) to base 8
4
What is -10 (base 6) in base 16?
-6
What is 13 (base 6) in base 3?
100
What is -13 (base 5) in base 2?
-1000
What is -101 (base 2) in base 13?
-5
What is 2 (base 15) in base 10?
2
Convert 0 (base 10) to base 11.
0
1 (base 7) to base 12
1
Convert 206 (base 9) to base 6.
440
What is 6 (base 15) in base 7?
6
What is 0 (base 11) in base 15?
0
407 (base 8) to base 10
263
-111 (base 6) to base 12
-37
1 (base 13) to base 5
1
What is 11 (base 7) in base 12?
8
-6 (base 7) to base 11
-6
What is 33 (base 6) in base 12?
19
Convert 23 (base 8) to base 14.
15
Convert -3c (base 13) to base 4.
-303
What is -1 (base 2) in base 6?
-1
1 (base 4) to base 7
1
Convert 14 (base 7) to base 14.
b
Convert -3 (base 11) to base 3.
-10
Convert 370 (base 10) to base 15.
19a
Convert 66 (base 9) to base 12.
50
What is -1 (base 16) in base 4?
-1
21 (base 12) to base 15
1a
-8 (base 12) to base 13
-8
11001 (base 2) to base 10
25
What is -17 (base 12) in base 3?
-201
Convert 19 (base 16) to base 14.
1b
-4 (base 5) to base 3
-11
1b6 (base 12) to base 7
552
Convert -60 (base 10) to base 5.
-220
Convert 12 (base 3) to base 11.
5
What is 130 (base 6) in base 9?
60
What is 5 (base 6) in base 14?
5
What is -20 (base 15) in base 4?
-132
Convert 3 (base 9) to base 16.
3
-7 (base 10) to base 2
-111
12 (base 6) to base 7
11
What is -8 (base 11) in base 5?
-13
Convert 0 (base 2) to base 6.
0
1 (base 4) to base 2
1
What is -62 (base 9) in base 2?
-111000
What is 1 (base 8) in base 12?
1
What is 10 (base 13) in base 16?
d
What is 102 (base 3) in base 14?
b
What is -1 (base 3) in base 16?
-1
Convert -1000 (base 2) to base 6.
-12
-5 (base 12) to base 2
-101
101 (base 2) to base 7
5
Convert -15 (base 6) to base 7.
-14
Convert 2 (base 11) to base 3.
2
-7 (base 11) to base 16
-7
Convert 24 (base 14) to base 7.
44
What is -10000101 (base 2) in base 15?
-8d
What is -101 (base 3) in base 5?
-20
0 (base 12) to base 15
0
What is 6 (base 11) in base 13?
6
What is 2 (base 16) in base 10?
2
289 (base 10) to base 3
101201
Convert c (base 15) to base 3.
110
Convert 50 (base 6) to base 2.
11110
-2 (base 12) to base 13
-2
Convert -2 (base 11) to base 16.
-2
1 (base 15) to base 13
1
What is 107 (base 8) in base 14?
51
Convert 1 (base 11) to base 4.
1
Convert -11 (base 4) to base 13.
-5
Convert 4 (base 7) to base 8.
4
What is -1 (base 2) in base 5?
-1
Convert 14 (base 6) to base 9.
11
Convert -7 (base 8) to base 10.
-7
2d (base 15) to base 11
3a
What is 41 (base 5) in base 12?
19
Convert -30 (base 10) to base 13.
-24
What is 11 (base 8) in base 7?
12
What is 16 (base 12) in base 8?
22
-b (base 12) to base 3
-102
1 (base 8) to base 10
1
11 (base 10) to base 4
23
Convert 23 (base 5) to base 13.
10
What is -330 (base 11) in base 16?
-18c
-30 (base 7) to base 10
-21
What is -10 (base 5) in base 4?
-11
Convert -85 (base 9) to base 4.
-1031
-212 (base 7) to base 4
-1223
What is -90 (base 12) in base 2?
-1101100
Convert -194 (base 10) to base 8.
-302
What is -7 (base 10) in base 4?
-13
What is -70 (base 11) in base 9?
-85
Convert 1b (base 12) to base 16.
17
Convert -100 (base 6) to base 7.
-51
What is -35 (base 16) in base 2?
-110101
3 (base 11) to base 9
3
Convert -210 (base 7) to base 14.
-77
Convert 2 (base 6) to base 14.
2
Convert 5 (base 7) to base 9.
5
Convert -223 (base 5) to base 7.
-120
Convert -10 (base 3) to base 5.
-3
-4 (base 11) to base 6
-4
What is -3c (base 14) in base 3?
-2000
What is 115 (base 10) in base 13?
8b
What is 30 (base 6) in base 13?
15
What is -24 (base 7) in base 15?
-13
Convert 72 (base 16) to base 7.
222
3 (base 8) to base 16
3
127 (base 9) to base 11
97
2a (base 13) to base 11
33
24 (base 10) to base 11
22
Convert -24 (base 9) to base 12.
-1a
What is -2 (base 7) in base 8?
-2
Convert 31 (base 4) to base 11.
12
Convert 4 (base 16) to base 10.
4
-4 (base 13) to base 7
-4
Convert 2e (base 16) to base 7.
64
-11 (base 2) to base 12
-3
What is -4 (base 5) in base 9?
-4
Convert -30 (base 4) to base 2.
-1100
15 (base 15) to base 11
19
Convert -1021 (base 3) to base 16.
-22
400 (base 5) to base 2
1100100
11111110 (base 2) to base 3
100102
4 (base 12) to base 11
4
Convert -10 (base 12) to base 16.
-c
Convert 101 (base 5) to base 6.
42
What is 101 (base 5) in base 16?
1a
Convert -88 (base 12) to base 2.
-1101000
What is 3 (base 8) in base 13?
3
Convert 6 (base 14) to base 12.
6
1101101 (base 2) to base 9
131
Convert 5 (base 9) to base 14.
5
What is 101 (base 2) in base 4?
11
What is 221 (base 5) in base 8?
75
Convert 153 (base 13) to base 7.
456
10 (base 3) to base 12
3
Convert -40 (base 8) to base 16.
-20
What is 3 (base 15) in base 11?
3
What is 310 (base 4) in base 6?
124
Convert -1 (base 4) to base 14.
-1
1 (base 8) to base 9
1
Convert 0 (base 2) to base 9.
0
-b0 (base 12) to base 3
-11220
10032 (base 4) to base 10
270
-101022 (base 3) to base 7
-545
Convert -a0 (base 14) to base 2.
-10001100
Convert 23 (base 9) to base 5.
41
Convert -11 (base 6) to base 14.
-7
Convert 10 (base 15) to base 7.
21
Convert 0 (base 4) to base 15.
0
What is -7 (base 14) in base 11?
-7
100 (base 5) to base 10
25
-2 (base 3) to base 8
-2
10 (base 4) to base 7
4
-4 (base 5) to base 4
-10
Convert -17 (base 11) to base 3.
-200
Convert 14 (base 10) to base 7.
20
Convert 100 (base 5) to base 3.
221
What is 12 (base 12) in base 14?
10
-66 (base 7) to base 5
-143
Convert -3 (base 8) to base 10.
-3
What is 343 (base 9) in base 11?
237
What is 4 (base 16) in base 6?
4
Convert 123 (base 11) to base 10.
146
Convert -5 (base 16) to base 4.
-11
What is -12210 (base 3) in base 11?
-132
-21 (base 5) to base 12
-b
1 (base 6) to base 12
1
-20 (base 12) to base 13
-1b
-1 (base 5) to base 11
-1
-7 (base 14) to base 10
-7
Convert 3 (base 7) to base 13.
3
-1 (base 2) to base 12
-1
What is 2 (base 8) in base 2?
10
-3 (base 10) to base 3
-10
Convert -126 (base 9) to base 11.
-96
Convert -111 (base 7) to base 3.
-2010
Convert 5 (base 7) to base 13.
5
12 (base 15) to base 7
23
-f (base 16) to base 3
-120
-35 (base 13) to base 8
-54
Convert 3 (base 7) to base 11.
3
201 (base 7) to base 10
99
12 (base 5) to base 9
7
Convert -c (base 13) to base 5.
-22
6 (base 14) to base 10
6
Convert -79 (base 15) to base 14.
-82
-1 (base 7) to base 11
-1
What is 24 (base 15) in base 6?
54
-344 (base 7) to base 13
-10a
What is 5 (base 10) in base 13?
5
8 (base 12) to base 3
22
3 (base 14) to base 13
3
1010000 (base 2) to base 13
62
What is 3 (base 11) in base 3?
10
5 (base 9) to base 8
5
213 (base 4) to base 7
54
20 (base 10) to base 16
14
Convert 3 (base 8) to base 10.
3
Convert -6 (base 14) to base 6.
-10
-2 (base 12) to base 8
-2
-32 (base 5) to base 7
-23
-18 (base 10) to base 4
-102
What is 6 (base 11) in base 14?
6
Convert -11100110 (base 2) to base 9.
-275
Convert 3 (base 9) to base 4.
3
Convert 310 (base 9) to base 3.
100100
-4 (base 7) to base 9
-4
Convert 300 (base 9) to base 12.
183
What is 20 (base 6) in base 13?
c
Convert -44 (base 9) to base 7.
-55
Convert -12 (base 3) to base 5.
-10
2 (base 5) to base 11
2
What is 3a (base 14) in base 6?
124
Convert -11 (base 14) to base 11.
-14
Convert -11110 (base 3) to base 8.
-170
Convert 31 (base 13) to base 7.
55
Convert -54 (base 16) to base 14.
-60
What is 40 (base 8) in base 13?
26
Convert 0 (base 7) to base 9.
0
Convert 313 (base 5) to base 2.
1010011
Convert -1 (base 12) to base 9.
-1
-3 (base 7) to base 8
-3
Convert 21 (base 4) to base 14.
9
-40 (base 7) to base 12
-24
Convert -2 (base 10) to base 9.
-2
-1f (base 16) to base 9
-34
What is 7 